{"id":682,"date":"2013-02-17T20:02:13","date_gmt":"2013-02-17T19:02:13","guid":{"rendered":"http:\/\/future-forever.de\/?page_id=682"},"modified":"2015-11-10T19:01:15","modified_gmt":"2015-11-10T18:01:15","slug":"temperatur-2013","status":"publish","type":"page","link":"https:\/\/future-forever.de\/?page_id=682","title":{"rendered":"Temperatur 2013"},"content":{"rendered":"<p>Die Temperaturen wurden am Standort<br \/>\nRaschauer Weg 20<br \/>\n08527 Plauen OT Unterlosa<br \/>\ngemessen.<\/p>\n<p>Erkl\u00e4rung:\u00a0 <span style=\"color: #ff0000;\">Rote Linie = Temperatur<\/span> \/\/\/\u00a0 <span style=\"color: #00ff00;\">Gr\u00fcne Linie = Taupunkt<\/span><\/p>\n<p>Die Messungen werden im Freien Feld in einer h\u00f6he von 2 Meter \u00fcber Boden<br \/>\nund 440 Meter \u00fcber Null ( Meeresspiegel ) gemessen.<\/p>\n<p><a rel=\"attachment wp-att-683\" href=\"http:\/\/future-forever.de\/?attachment_id=683\"><img loading=\"lazy\" decoding=\"async\" class=\"aligncenter size-full wp-image-683\" title=\"Jan-2013\" src=\"http:\/\/future-forever.de\/wp-content\/uploads\/2013\/02\/Jan-2013.jpg\" alt=\"\" width=\"750\" height=\"563\" srcset=\"https:\/\/future-forever.de\/wp-content\/uploads\/2013\/02\/Jan-2013.jpg 1024w, https:\/\/future-forever.de\/wp-content\/uploads\/2013\/02\/Jan-2013-300x225.jpg 300w\" sizes=\"(max-width: 750px) 100vw, 750px\" \/><\/a><\/p>\n<p><a href=\"http:\/\/future-forever.de\/wp-content\/uploads\/2013\/02\/01-2013.pdf\" target=\"_blank\">01-2013 zum Betrachten als PDF Datei<\/a><\/p>\n<p>Februar 2013<\/p>\n<p><a rel=\"attachment wp-att-730\" href=\"http:\/\/future-forever.de\/?attachment_id=730\"><img loading=\"lazy\" decoding=\"async\" class=\"aligncenter size-full wp-image-730\" title=\"Feb-2013\" src=\"http:\/\/future-forever.de\/wp-content\/uploads\/2013\/02\/Feb-2013.jpg\" alt=\"\" width=\"749\" height=\"561\" srcset=\"https:\/\/future-forever.de\/wp-content\/uploads\/2013\/02\/Feb-2013.jpg 1024w, https:\/\/future-forever.de\/wp-content\/uploads\/2013\/02\/Feb-2013-300x225.jpg 300w\" sizes=\"(max-width: 749px) 100vw, 749px\" \/><\/a><\/p>\n<p><a title=\"Februar\" href=\"http:\/\/future-forever.de\/html\/wp\/wp-content\/uploads\/2013\/04\/Feb-2013.txt\" target=\"_blank\">Daten Download<\/a> rechts klick &#8211; ziel speichern unter &#8211; und als txt datei abspeichern<\/p>\n<p>M\u00e4rz 2013<\/p>\n<p><a rel=\"attachment wp-att-731\" href=\"http:\/\/future-forever.de\/?attachment_id=731\"><img loading=\"lazy\" decoding=\"async\" class=\"aligncenter size-full wp-image-731\" title=\"Mar-2013\" src=\"http:\/\/future-forever.de\/wp-content\/uploads\/2013\/02\/Mar-2013.jpg\" alt=\"\" width=\"745\" height=\"558\" srcset=\"https:\/\/future-forever.de\/wp-content\/uploads\/2013\/02\/Mar-2013.jpg 1024w, https:\/\/future-forever.de\/wp-content\/uploads\/2013\/02\/Mar-2013-300x225.jpg 300w\" sizes=\"(max-width: 745px) 100vw, 745px\" \/><\/a><\/p>\n<p><a href=\"http:\/\/future-forever.de\/html\/wp\/wp-content\/uploads\/2013\/04\/Mar-2013.txt\" target=\"_blank\">Download der Werte<\/a> rechts klick &#8211; ziel speichern unter &#8211; und als txt datei abspeichern<\/p>\n<p>April 2013<\/p>\n<p><a rel=\"attachment wp-att-775\" href=\"http:\/\/future-forever.de\/?attachment_id=775\"><img loading=\"lazy\" decoding=\"async\" class=\"aligncenter size-full wp-image-775\" title=\"April-2013\" src=\"http:\/\/future-forever.de\/wp-content\/uploads\/2013\/02\/April-2013.jpg\" alt=\"\" width=\"740\" height=\"554\" srcset=\"https:\/\/future-forever.de\/wp-content\/uploads\/2013\/02\/April-2013.jpg 1024w, https:\/\/future-forever.de\/wp-content\/uploads\/2013\/02\/April-2013-300x225.jpg 300w\" sizes=\"(max-width: 740px) 100vw, 740px\" \/><\/a><\/p>\n<p><a href=\"http:\/\/@future-forever.de\/html\/wp\/wp-content\/uploads\/2013\/04\/April-2013.txt\" target=\"_blank\">Download der Werte <\/a> rechts klick &#8211; ziel speichern unter &#8211; und als txt datei abspeichern<\/p>\n<p>Mai 2013<\/p>\n<p><a rel=\"attachment wp-att-794\" href=\"http:\/\/future-forever.de\/?attachment_id=794\"><img loading=\"lazy\" decoding=\"async\" class=\"aligncenter size-full wp-image-794\" title=\"Mai-2013\" src=\"http:\/\/future-forever.de\/wp-content\/uploads\/2013\/02\/Mai-2013.jpg\" alt=\"\" width=\"738\" height=\"553\" srcset=\"https:\/\/future-forever.de\/wp-content\/uploads\/2013\/02\/Mai-2013.jpg 1024w, https:\/\/future-forever.de\/wp-content\/uploads\/2013\/02\/Mai-2013-300x225.jpg 300w\" sizes=\"(max-width: 738px) 100vw, 738px\" \/><\/a><a href=\"http:\/\/@future-forever.de\/html\/wp\/wp-content\/uploads\/2013\/04\/Mai-2013.txt\" target=\"_blank\">Download der Werte <\/a> rechts klick &#8211; ziel speichern unter &#8211; und als txt datei abspeichern<\/p>\n<p>Juni 2013<\/p>\n<p><a rel=\"attachment wp-att-796\" href=\"http:\/\/future-forever.de\/?attachment_id=796\"><img loading=\"lazy\" decoding=\"async\" class=\"aligncenter size-full wp-image-796\" title=\"Juni-2013\" src=\"http:\/\/future-forever.de\/wp-content\/uploads\/2013\/02\/Juni-20131.jpg\" alt=\"\" width=\"734\" height=\"550\" srcset=\"https:\/\/future-forever.de\/wp-content\/uploads\/2013\/02\/Juni-20131.jpg 1024w, https:\/\/future-forever.de\/wp-content\/uploads\/2013\/02\/Juni-20131-300x225.jpg 300w\" sizes=\"(max-width: 734px) 100vw, 734px\" \/><\/a><a href=\"http:\/\/@future-forever.de\/html\/wp\/wp-content\/uploads\/2013\/04\/Juni-2013.txt\" target=\"_blank\">Download der Werte <\/a> rechts klick &#8211; ziel speichern unter &#8211; und als txt datei abspeichern<\/p>\n<p>Juli 2013<\/p>\n<p><a rel=\"attachment wp-att-797\" href=\"http:\/\/future-forever.de\/?attachment_id=797\"><img loading=\"lazy\" decoding=\"async\" class=\"aligncenter size-full wp-image-797\" title=\"Juli-2013\" src=\"http:\/\/future-forever.de\/wp-content\/uploads\/2013\/02\/Juli-2013.jpg\" alt=\"\" width=\"735\" height=\"551\" srcset=\"https:\/\/future-forever.de\/wp-content\/uploads\/2013\/02\/Juli-2013.jpg 1024w, https:\/\/future-forever.de\/wp-content\/uploads\/2013\/02\/Juli-2013-300x225.jpg 300w\" sizes=\"(max-width: 735px) 100vw, 735px\" \/><\/a><\/p>\n<p><a href=\"http:\/\/@future-forever.de\/html\/wp\/wp-content\/uploads\/2013\/04\/Juli-2013.txt\" target=\"_blank\">Download der Werte <\/a> rechts klick &#8211; ziel speichern unter &#8211; und als txt datei abspeichern<\/p>\n<p>August 2013<\/p>\n<p><a rel=\"attachment wp-att-798\" href=\"http:\/\/future-forever.de\/?attachment_id=798\"><img loading=\"lazy\" decoding=\"async\" class=\"aligncenter size-full wp-image-798\" title=\"August-2013\" src=\"http:\/\/future-forever.de\/wp-content\/uploads\/2013\/02\/August-2013.jpg\" alt=\"\" width=\"741\" height=\"555\" srcset=\"https:\/\/future-forever.de\/wp-content\/uploads\/2013\/02\/August-2013.jpg 1024w, https:\/\/future-forever.de\/wp-content\/uploads\/2013\/02\/August-2013-300x225.jpg 300w\" sizes=\"(max-width: 741px) 100vw, 741px\" \/><\/a><\/p>\n<p><a href=\"http:\/\/@future-forever.de\/html\/wp\/wp-content\/uploads\/2013\/04\/August-2013.txt\" target=\"_blank\">Download der Werte <\/a> rechts klick &#8211; ziel speichern unter &#8211; und als txt datei abspeichern<\/p>\n<p>September 2013<\/p>\n<p><a rel=\"attachment wp-att-799\" href=\"http:\/\/future-forever.de\/?attachment_id=799\"><img loading=\"lazy\" decoding=\"async\" class=\"aligncenter size-full wp-image-799\" title=\"Sep-2013\" src=\"http:\/\/future-forever.de\/wp-content\/uploads\/2013\/02\/Sep-2013.jpg\" alt=\"\" width=\"738\" height=\"553\" srcset=\"https:\/\/future-forever.de\/wp-content\/uploads\/2013\/02\/Sep-2013.jpg 1024w, https:\/\/future-forever.de\/wp-content\/uploads\/2013\/02\/Sep-2013-300x225.jpg 300w\" sizes=\"(max-width: 738px) 100vw, 738px\" \/><\/a><a href=\"http:\/\/@future-forever.de\/html\/wp\/wp-content\/uploads\/2013\/04\/Sep-2013.txt\" target=\"_blank\">Download der Werte <\/a> rechts klick &#8211; ziel speichern unter &#8211; und als txt datei abspeichern<\/p>\n<p>Oktober 2013<\/p>\n<p><a rel=\"attachment wp-att-800\" href=\"http:\/\/future-forever.de\/?attachment_id=800\"><img loading=\"lazy\" decoding=\"async\" class=\"aligncenter size-full wp-image-800\" title=\"Okt-2013\" src=\"http:\/\/future-forever.de\/wp-content\/uploads\/2013\/02\/Okt-2013.jpg\" alt=\"\" width=\"734\" height=\"550\" srcset=\"https:\/\/future-forever.de\/wp-content\/uploads\/2013\/02\/Okt-2013.jpg 1024w, https:\/\/future-forever.de\/wp-content\/uploads\/2013\/02\/Okt-2013-300x225.jpg 300w\" sizes=\"(max-width: 734px) 100vw, 734px\" \/><\/a><a href=\"http:\/\/@future-forever.de\/html\/wp\/wp-content\/uploads\/2013\/04\/Okt-2013.txt\" target=\"_blank\">Download der Werte <\/a> rechts klick &#8211; ziel speichern unter &#8211; und als txt datei abspeichern<\/p>\n<p>November 2013<\/p>\n<p><a rel=\"attachment wp-att-801\" href=\"http:\/\/future-forever.de\/?attachment_id=801\"><img loading=\"lazy\" decoding=\"async\" class=\"aligncenter size-full wp-image-801\" title=\"Nov-2013\" src=\"http:\/\/future-forever.de\/wp-content\/uploads\/2013\/02\/Nov-2013.jpg\" alt=\"\" width=\"733\" height=\"549\" srcset=\"https:\/\/future-forever.de\/wp-content\/uploads\/2013\/02\/Nov-2013.jpg 1024w, https:\/\/future-forever.de\/wp-content\/uploads\/2013\/02\/Nov-2013-300x225.jpg 300w\" sizes=\"(max-width: 733px) 100vw, 733px\" \/><\/a><a href=\"http:\/\/@future-forever.de\/html\/wp\/wp-content\/uploads\/2013\/04\/Nov-2013.txt\" target=\"_blank\">Download der Werte <\/a> rechts klick &#8211; ziel speichern unter &#8211; und als txt datei abspeichern<\/p>\n<p>&nbsp;<\/p>\n<p>Dezember 2013<\/p>\n<p><a rel=\"attachment wp-att-885\" href=\"http:\/\/future-forever.de\/?attachment_id=885\"><img loading=\"lazy\" decoding=\"async\" class=\"aligncenter size-full wp-image-885\" title=\"Dez-2013\" src=\"http:\/\/future-forever.de\/wp-content\/uploads\/2013\/02\/Dez-2013.jpg\" alt=\"\" width=\"735\" height=\"551\" srcset=\"https:\/\/future-forever.de\/wp-content\/uploads\/2013\/02\/Dez-2013.jpg 1024w, https:\/\/future-forever.de\/wp-content\/uploads\/2013\/02\/Dez-2013-300x225.jpg 300w\" sizes=\"(max-width: 735px) 100vw, 735px\" \/><\/a><\/p>\n<p>&nbsp;<\/p>\n","protected":false},"excerpt":{"rendered":"<p>Die Temperaturen wurden am Standort Raschauer Weg 20 08527 Plauen OT Unterlosa gemessen. Erkl\u00e4rung:\u00a0 Rote Linie = Temperatur \/\/\/\u00a0 Gr\u00fcne Linie = Taupunkt Die Messungen werden im Freien Feld in einer h\u00f6he von 2 Meter \u00fcber Boden und 440 Meter \u00fcber Null ( Meeresspiegel ) gemessen. 01-2013 zum Betrachten als PDF Datei Februar 2013 Daten [&hellip;]<\/p>\n","protected":false},"author":2,"featured_media":0,"parent":298,"menu_order":8,"comment_status":"open","ping_status":"open","template":"","meta":{"footnotes":""},"class_list":["post-682","page","type-page","status-publish","hentry"],"_links":{"self":[{"href":"https:\/\/future-forever.de\/index.php?rest_route=\/wp\/v2\/pages\/682"}],"collection":[{"href":"https:\/\/future-forever.de\/index.php?rest_route=\/wp\/v2\/pages"}],"about":[{"href":"https:\/\/future-forever.de\/index.php?rest_route=\/wp\/v2\/types\/page"}],"author":[{"embeddable":true,"href":"https:\/\/future-forever.de\/index.php?rest_route=\/wp\/v2\/users\/2"}],"replies":[{"embeddable":true,"href":"https:\/\/future-forever.de\/index.php?rest_route=%2Fwp%2Fv2%2Fcomments&post=682"}],"version-history":[{"count":27,"href":"https:\/\/future-forever.de\/index.php?rest_route=\/wp\/v2\/pages\/682\/revisions"}],"predecessor-version":[{"id":887,"href":"https:\/\/future-forever.de\/index.php?rest_route=\/wp\/v2\/pages\/682\/revisions\/887"}],"up":[{"embeddable":true,"href":"https:\/\/future-forever.de\/index.php?rest_route=\/wp\/v2\/pages\/298"}],"wp:attachment":[{"href":"https:\/\/future-forever.de\/index.php?rest_route=%2Fwp%2Fv2%2Fmedia&parent=682"}],"curies":[{"name":"wp","href":"https:\/\/api.w.org\/{rel}","templated":true}]}}